[INFO] cloning repository https://github.com/infinityb/gist-randbench
[INFO] running `Command { std: "git" "-c" "credential.helper=" "-c" "credential.helper=/workspace/cargo-home/bin/git-credential-null" "clone" "--bare" "https://github.com/infinityb/gist-randbench" "/workspace/cache/git-repos/https%3A%2F%2Fgithub.com%2Finfinityb%2Fgist-randbench", kill_on_drop: false }`
[INFO] [stderr] Cloning into bare repository '/workspace/cache/git-repos/https%3A%2F%2Fgithub.com%2Finfinityb%2Fgist-randbench'...
[INFO] running `Command { std: "git" "rev-parse" "HEAD", kill_on_drop: false }`
[INFO] [stdout] a729145bea00ac560cf2a64249605585cfacbc44
[INFO] checking infinityb/gist-randbench against try#72f88fc4e9458f89516a0b8b0868f3718aec5b47 for pr-74989
[INFO] running `Command { std: "git" "clone" "/workspace/cache/git-repos/https%3A%2F%2Fgithub.com%2Finfinityb%2Fgist-randbench" "/workspace/builds/worker-5/source", kill_on_drop: false }`
[INFO] [stderr] Cloning into '/workspace/builds/worker-5/source'...
[INFO] [stderr] done.
[INFO] validating manifest of git repo https://github.com/infinityb/gist-randbench on toolchain 72f88fc4e9458f89516a0b8b0868f3718aec5b47
[INFO] running `Command { std: "/workspace/cargo-home/bin/cargo" "+72f88fc4e9458f89516a0b8b0868f3718aec5b47" "read-manifest" "--manifest-path" "Cargo.toml", kill_on_drop: false }`
[INFO] started tweaking git repo https://github.com/infinityb/gist-randbench
[INFO] finished tweaking git repo https://github.com/infinityb/gist-randbench
[INFO] tweaked toml for git repo https://github.com/infinityb/gist-randbench written to /workspace/builds/worker-5/source/Cargo.toml
[INFO] crate git repo https://github.com/infinityb/gist-randbench already has a lockfile, it will not be regenerated
[INFO] running `Command { std: "/workspace/cargo-home/bin/cargo" "+72f88fc4e9458f89516a0b8b0868f3718aec5b47" "fetch" "--locked" "--manifest-path" "Cargo.toml", kill_on_drop: false }`
[INFO] [stderr]     Blocking waiting for file lock on package cache
[INFO] [stderr] error: the lock file /workspace/builds/worker-5/source/Cargo.lock needs to be updated but --locked was passed to prevent this
[INFO] [stderr] If you want to try to generate the lock file without accessing the network, use the --offline flag.
[INFO] the lockfile is outdated, regenerating it
[INFO] running `Command { std: "/workspace/cargo-home/bin/cargo" "+72f88fc4e9458f89516a0b8b0868f3718aec5b47" "generate-lockfile" "--manifest-path" "Cargo.toml" "-Zno-index-update", kill_on_drop: false }`
[INFO] running `Command { std: "/workspace/cargo-home/bin/cargo" "+72f88fc4e9458f89516a0b8b0868f3718aec5b47" "fetch" "--locked" "--manifest-path" "Cargo.toml", kill_on_drop: false }`
[INFO] [stderr]     Blocking waiting for file lock on package cache
[INFO] [stderr]     Blocking waiting for file lock on package cache
[INFO] running `Command { std: "docker" "create" "-v" "/var/lib/crater-agent-workspace/builds/worker-5/target:/opt/rustwide/target:rw,Z" "-v" "/var/lib/crater-agent-workspace/builds/worker-5/source:/opt/rustwide/workdir:ro,Z" "-v" "/var/lib/crater-agent-workspace/cargo-home:/opt/rustwide/cargo-home:ro,Z" "-v" "/var/lib/crater-agent-workspace/rustup-home:/opt/rustwide/rustup-home:ro,Z" "-e" "SOURCE_DIR=/opt/rustwide/workdir" "-e" "CARGO_TARGET_DIR=/opt/rustwide/target" "-e" "CARGO_HOME=/opt/rustwide/cargo-home" "-e" "RUSTUP_HOME=/opt/rustwide/rustup-home" "-w" "/opt/rustwide/workdir" "-m" "1610612736" "--user" "0:0" "--network" "none" "rustops/crates-build-env@sha256:d92eaeed33fa75130ca1ee6c8a01d1ffb62bac859dfdfb3450e3e5d1c0146529" "/opt/rustwide/cargo-home/bin/cargo" "+72f88fc4e9458f89516a0b8b0868f3718aec5b47" "metadata" "--no-deps" "--format-version=1", kill_on_drop: false }`
[INFO] [stdout] 9f2ecc849c65f42ccc1b6efda0cfb8c7c6209e294fb9e66628ad7dc0b4ac18b7
[INFO] [stderr] WARNING: Your kernel does not support swap limit capabilities or the cgroup is not mounted. Memory limited without swap.
[INFO] running `Command { std: "docker" "start" "-a" "9f2ecc849c65f42ccc1b6efda0cfb8c7c6209e294fb9e66628ad7dc0b4ac18b7", kill_on_drop: false }`
[INFO] running `Command { std: "docker" "inspect" "9f2ecc849c65f42ccc1b6efda0cfb8c7c6209e294fb9e66628ad7dc0b4ac18b7", kill_on_drop: false }`
[INFO] running `Command { std: "docker" "rm" "-f" "9f2ecc849c65f42ccc1b6efda0cfb8c7c6209e294fb9e66628ad7dc0b4ac18b7", kill_on_drop: false }`
[INFO] [stdout] 9f2ecc849c65f42ccc1b6efda0cfb8c7c6209e294fb9e66628ad7dc0b4ac18b7
[INFO] running `Command { std: "docker" "create" "-v" "/var/lib/crater-agent-workspace/builds/worker-5/target:/opt/rustwide/target:rw,Z" "-v" "/var/lib/crater-agent-workspace/builds/worker-5/source:/opt/rustwide/workdir:ro,Z" "-v" "/var/lib/crater-agent-workspace/cargo-home:/opt/rustwide/cargo-home:ro,Z" "-v" "/var/lib/crater-agent-workspace/rustup-home:/opt/rustwide/rustup-home:ro,Z" "-e" "SOURCE_DIR=/opt/rustwide/workdir" "-e" "CARGO_TARGET_DIR=/opt/rustwide/target" "-e" "CARGO_INCREMENTAL=0" "-e" "RUST_BACKTRACE=full" "-e" "RUSTFLAGS=--cap-lints=forbid" "-e" "CARGO_HOME=/opt/rustwide/cargo-home" "-e" "RUSTUP_HOME=/opt/rustwide/rustup-home" "-w" "/opt/rustwide/workdir" "-m" "1610612736" "--user" "0:0" "--network" "none" "rustops/crates-build-env@sha256:d92eaeed33fa75130ca1ee6c8a01d1ffb62bac859dfdfb3450e3e5d1c0146529" "/opt/rustwide/cargo-home/bin/cargo" "+72f88fc4e9458f89516a0b8b0868f3718aec5b47" "check" "--frozen" "--all" "--all-targets" "--message-format=json", kill_on_drop: false }`
[INFO] [stdout] 384e09ce6268b9a57304366d4dcbdcb2e23ed5f9230647fc844b0296a5d92339
[INFO] [stderr] WARNING: Your kernel does not support swap limit capabilities or the cgroup is not mounted. Memory limited without swap.
[INFO] running `Command { std: "docker" "start" "-a" "384e09ce6268b9a57304366d4dcbdcb2e23ed5f9230647fc844b0296a5d92339", kill_on_drop: false }`
[INFO] [stderr]    Compiling libc v0.2.77
[INFO] [stderr]     Checking ppv-lite86 v0.2.9
[INFO] [stderr]     Checking getrandom v0.1.15
[INFO] [stderr]     Checking rand_core v0.5.1
[INFO] [stderr]     Checking rand_chacha v0.2.2
[INFO] [stderr]     Checking rand v0.7.3
[INFO] [stderr]     Checking randbench v0.0.1 (/opt/rustwide/workdir)
[INFO] [stdout] error[E0432]: unresolved import `rand::XorShiftRng`
[INFO] [stdout]  --> src/main.rs:5:17
[INFO] [stdout]   |
[INFO] [stdout] 5 | use rand::{Rng, XorShiftRng};
[INFO] [stdout]   |                 ^^^^^^^^^^^ no `XorShiftRng` in the root
[INFO] [stdout] 
[INFO] [stdout] 
[INFO] [stdout] error[E0432]: unresolved import `rand::XorShiftRng`
[INFO] [stdout]  --> src/main.rs:5:17
[INFO] [stdout]   |
[INFO] [stdout] 5 | use rand::{Rng, XorShiftRng};
[INFO] [stdout]   |                 ^^^^^^^^^^^ no `XorShiftRng` in the root
[INFO] [stdout] 
[INFO] [stdout] 
[INFO] [stdout] error[E0599]: no function or associated item named `span` found for struct `Duration` in the current scope
[INFO] [stdout]   --> src/main.rs:19:50
[INFO] [stdout]    |
[INFO] [stdout] 19 |     println!("took {} to fill buffer", Duration::span(|| {
[INFO] [stdout]    |                                                  ^^^^ function or associated item not found in `Duration`
[INFO] [stdout] 
[INFO] [stdout] 
[INFO] [stdout] error: aborting due to 2 previous errors
[INFO] [stdout] 
[INFO] [stdout] 
[INFO] [stdout] Some errors have detailed explanations: E0432, E0599.
[INFO] [stdout] 
[INFO] [stdout] For more information about an error, try `rustc --explain E0432`.
[INFO] [stdout] 
[INFO] [stdout] error[E0599]: no function or associated item named `span` found for struct `Duration` in the current scope
[INFO] [stdout]   --> src/main.rs:19:50
[INFO] [stdout]    |
[INFO] [stdout] 19 |     println!("took {} to fill buffer", Duration::span(|| {
[INFO] [stdout]    |                                                  ^^^^ function or associated item not found in `Duration`
[INFO] [stdout] 
[INFO] [stdout] 
[INFO] [stderr] error: could not compile `randbench`.
[INFO] [stderr] 
[INFO] [stderr] To learn more, run the command again with --verbose.
[INFO] [stderr] warning: build failed, waiting for other jobs to finish...
[INFO] [stdout] error: aborting due to 2 previous errors
[INFO] [stdout] 
[INFO] [stdout] 
[INFO] [stdout] Some errors have detailed explanations: E0432, E0599.
[INFO] [stdout] 
[INFO] [stdout] For more information about an error, try `rustc --explain E0432`.
[INFO] [stdout] 
[INFO] [stderr] error: build failed
[INFO] running `Command { std: "docker" "inspect" "384e09ce6268b9a57304366d4dcbdcb2e23ed5f9230647fc844b0296a5d92339", kill_on_drop: false }`
[INFO] running `Command { std: "docker" "rm" "-f" "384e09ce6268b9a57304366d4dcbdcb2e23ed5f9230647fc844b0296a5d92339", kill_on_drop: false }`
[INFO] [stdout] 384e09ce6268b9a57304366d4dcbdcb2e23ed5f9230647fc844b0296a5d92339
